{"id":16,"date":"2025-06-17T17:46:08","date_gmt":"2025-06-17T15:46:08","guid":{"rendered":"https:\/\/voyant-marabout-africain.fr\/?page_id=16"},"modified":"2025-07-06T16:59:10","modified_gmt":"2025-07-06T14:59:10","slug":"medium","status":"publish","type":"page","link":"https:\/\/voyant-marabout-africain.fr\/index.php\/medium\/","title":{"rendered":"M\u00e9dium"},"content":{"rendered":"\n<div class=\"wp-block-cover alignfull\" style=\"min-height:350px;aspect-ratio:unset;\"><img decoding=\"async\" class=\"wp-block-cover__image-background wp-image-2480\" alt=\"\" src=\"https:\/\/tyler.com\/wp-content\/uploads\/2023\/11\/View-Services-Hero-Image.jpeg\" style=\"object-position:50% 51%\" data-object-fit=\"cover\" data-object-position=\"50% 51%\"\/><span aria-hidden=\"true\" class=\"wp-block-cover__background has-background-dim\"><\/span><div class=\"wp-block-cover__inner-container has-global-padding is-layout-constrained wp-container-core-cover-is-layout-4383d167 wp-block-cover-is-layout-constrained\">\n<h2 class=\"wp-block-heading has-text-align-center has-text-color has-link-color has-suranna-font-family wp-elements-d346a06566ea108b09075cb70b23a2fe\" style=\"color:#ffffff;font-size:clamp(18.959px, 1.185rem + ((1vw - 3.2px) * 1.255), 30px);font-style:normal;font-weight:500\">M\u00e9dium\u2013 Professeur Faty, m\u00e9dium africain aux dons exceptionnels<\/h2>\n\n\n\n<p class=\"has-text-align-center\">Des r\u00e9v\u00e9lations puissantes pour un avenir  clair<\/p>\n<\/div><\/div>\n\n\n\n<div class=\"wp-block-group alignfull has-global-padding is-layout-constrained wp-container-core-group-is-layout-4383d167 wp-block-group-is-layout-constrained\">\n<div class=\"wp-block-group alignwide has-global-padding is-layout-constrained wp-container-core-group-is-layout-3dead192 wp-block-group-is-layout-constrained\" style=\"margin-top:0;margin-bottom:0;padding-top:80px;padding-bottom:80px\">\n<div class=\"wp-block-columns alignwide is-layout-flex wp-container-core-columns-is-layout-9cf8123d wp-block-columns-is-layout-flex\">\n<div class=\"wp-block-column is-layout-flow wp-block-column-is-layout-flow\">\n<figure class=\"wp-block-image size-full\"><img loading=\"lazy\" decoding=\"async\" width=\"1008\" height=\"712\" src=\"https:\/\/voyant-marabout-africain.fr\/wp-content\/uploads\/2025\/07\/voyance-meduim-marabout-en-ile-de-france-.jpg\" alt=\"\" class=\"wp-image-117\" style=\"aspect-ratio:4\/3;object-fit:cover\" srcset=\"https:\/\/voyant-marabout-africain.fr\/wp-content\/uploads\/2025\/07\/voyance-meduim-marabout-en-ile-de-france-.jpg 1008w, https:\/\/voyant-marabout-africain.fr\/wp-content\/uploads\/2025\/07\/voyance-meduim-marabout-en-ile-de-france--300x212.jpg 300w, https:\/\/voyant-marabout-africain.fr\/wp-content\/uploads\/2025\/07\/voyance-meduim-marabout-en-ile-de-france--768x542.jpg 768w\" sizes=\"auto, (max-width: 1008px) 100vw, 1008px\" \/><\/figure>\n<\/div>\n\n\n\n<div class=\"wp-block-column is-vertically-aligned-center is-layout-flow wp-block-column-is-layout-flow\" style=\"padding-left:15px\">\n<h2 class=\"wp-block-heading has-text-color has-link-color has-suranna-font-family wp-elements-f7622cbca7483471e9fba71cdcaab61f\" style=\"color:#000000;font-size:clamp(16.293px, 1.018rem + ((1vw - 3.2px) * 0.989), 25px);font-style:normal;font-weight:500;line-height:0.7\"><strong>M\u00e9dium spirituel africain<\/strong> <\/h2>\n\n\n\n<p class=\"has-text-color has-link-color has-outfit-font-family wp-elements-04952e96fb41b4d48ee477114a9d31f0\" style=\"color:#000000;font-size:clamp(14px, 0.875rem + ((1vw - 3.2px) * 0.455), 18px);font-style:normal;font-weight:400\">Le <strong>Professeur Faty<\/strong> est un <strong>m\u00e9dium spirituel africain<\/strong> dot\u00e9 de v\u00e9ritables dons de naissance, h\u00e9rit\u00e9s de ses anc\u00eatres. Contrairement \u00e0 de simples voyants ou tarologues, le Professeur Faty n\u2019utilise aucun support : ses r\u00e9v\u00e9lations lui parviennent naturellement, \u00e0 travers des visions pr\u00e9cises, des ressentis puissants et une connexion directe avec le monde invisible. Gr\u00e2ce \u00e0 sa <strong>m\u00e9diumnit\u00e9 authentique<\/strong>, il vous r\u00e9v\u00e8le des v\u00e9rit\u00e9s cach\u00e9es sur votre pass\u00e9, votre pr\u00e9sent et votre avenir. Chaque consultation est unique, profonde, et adapt\u00e9e \u00e0 votre \u00e9nergie. Que vous soyez perdu(e), dans le doute, ou en pleine transition de vie, il saura vous \u00e9clairer avec justesse et sinc\u00e9rit\u00e9.<\/p>\n\n\n\n<div class=\"wp-block-buttons is-layout-flex wp-block-buttons-is-layout-flex\">\n<div class=\"wp-block-button\"><a class=\"wp-block-button__link has-text-color has-background has-link-color has-outfit-font-family has-custom-font-size wp-element-button\" href=\"https:\/\/voyant-marabout-africain.fr\/index.php\/contact\/\" style=\"border-radius:0px;color:#ffffff;background-color:#528d8e;padding-top:8px;padding-right:60px;padding-bottom:8px;padding-left:60px;font-size:clamp(14px, 0.875rem + ((1vw - 3.2px) * 0.455), 18px);\">Contactez-nous<\/a><\/div>\n<\/div>\n<\/div>\n<\/div>\n\n\n\n<div class=\"wp-block-columns alignwide is-layout-flex wp-container-core-columns-is-layout-f9472849 wp-block-columns-is-layout-flex\" style=\"padding-top:80px;padding-bottom:80px\">\n<div class=\"wp-block-column is-vertically-aligned-center is-layout-flow wp-block-column-is-layout-flow\" style=\"padding-right:15px\">\n<h2 class=\"wp-block-heading has-text-color has-link-color has-suranna-font-family wp-elements-376ed6311f41ea4426eb2cb8f9bd296a\" style=\"color:#000000;font-size:clamp(18.434px, 1.152rem + ((1vw - 3.2px) * 1.201), 29px);font-style:normal;font-weight:500;line-height:1\">Orientation spirituelle<\/h2>\n\n\n\n<p class=\"has-text-color has-link-color has-outfit-font-family wp-elements-c8b85655e666566f51e6db02dd4d1fb2\" style=\"color:#000000;font-size:clamp(14px, 0.875rem + ((1vw - 3.2px) * 0.455), 18px);font-style:normal;font-weight:400\">La <strong>consultation m\u00e9diumnique<\/strong> permet de recevoir des messages que vous \u00eates destin\u00e9(e) \u00e0 entendre. Cela peut concerner des blocages karmiques, des \u00e9preuves amoureuses, des choix de carri\u00e8re ou m\u00eame des messages de l\u2019au-del\u00e0. Le Professeur Faty per\u00e7oit les choses que vous ne voyez pas encore, identifie les personnes toxiques autour de vous, et vous indique les bonnes d\u00e9cisions \u00e0 prendre. Il vous pr\u00e9vient des dangers et des opportunit\u00e9s \u00e0 venir, tout en vous guidant vers des solutions concr\u00e8tes. Cette capacit\u00e9 rare de <strong>lecture \u00e9nerg\u00e9tique<\/strong> est ce qui le distingue des charlatans : ses paroles ont un impact direct et imm\u00e9diat sur votre conscience.<\/p>\n\n\n\n<div class=\"wp-block-buttons is-layout-flex wp-block-buttons-is-layout-flex\">\n<div class=\"wp-block-button\"><a class=\"wp-block-button__link has-text-color has-background has-link-color has-outfit-font-family has-custom-font-size wp-element-button\" href=\"#\" style=\"border-radius:0px;color:#ffffff;background-color:#528d8e;padding-top:8px;padding-right:60px;padding-bottom:8px;padding-left:60px;font-size:clamp(14px, 0.875rem + ((1vw - 3.2px) * 0.455), 18px);\">Get Guidance!<\/a><\/div>\n<\/div>\n<\/div>\n\n\n\n<div class=\"wp-block-column is-layout-flow wp-block-column-is-layout-flow\">\n<figure class=\"wp-block-image size-full\"><img loading=\"lazy\" decoding=\"async\" width=\"276\" height=\"183\" src=\"https:\/\/voyant-marabout-africain.fr\/wp-content\/uploads\/2025\/07\/professeur-M-FATY-Voyance-marabout.jpeg\" alt=\"\" class=\"wp-image-118\" style=\"aspect-ratio:4\/3;object-fit:cover\"\/><\/figure>\n<\/div>\n<\/div>\n\n\n\n<div class=\"wp-block-columns alignwide is-layout-flex wp-container-core-columns-is-layout-9cf8123d wp-block-columns-is-layout-flex\">\n<div class=\"wp-block-column is-layout-flow wp-block-column-is-layout-flow\">\n<figure class=\"wp-block-image size-full\"><img loading=\"lazy\" decoding=\"async\" width=\"1000\" height=\"644\" src=\"https:\/\/voyant-marabout-africain.fr\/wp-content\/uploads\/2025\/07\/cabinet-de-voyance-africaine-M-FATY.jpg\" alt=\"\" class=\"wp-image-120\" style=\"aspect-ratio:4\/3;object-fit:cover\" srcset=\"https:\/\/voyant-marabout-africain.fr\/wp-content\/uploads\/2025\/07\/cabinet-de-voyance-africaine-M-FATY.jpg 1000w, https:\/\/voyant-marabout-africain.fr\/wp-content\/uploads\/2025\/07\/cabinet-de-voyance-africaine-M-FATY-300x193.jpg 300w, https:\/\/voyant-marabout-africain.fr\/wp-content\/uploads\/2025\/07\/cabinet-de-voyance-africaine-M-FATY-768x495.jpg 768w\" sizes=\"auto, (max-width: 1000px) 100vw, 1000px\" \/><\/figure>\n<\/div>\n\n\n\n<div class=\"wp-block-column is-vertically-aligned-center is-layout-flow wp-block-column-is-layout-flow\" style=\"padding-left:15px\">\n<h2 class=\"wp-block-heading has-text-color has-link-color has-suranna-font-family wp-elements-bfee17844da1ca1f08419a3b0e9b231b\" style=\"color:#000000;font-size:clamp(16.293px, 1.018rem + ((1vw - 3.2px) * 0.989), 25px);font-style:normal;font-weight:500;line-height:0.5\">\ud83d\udc7b Don de M\u00e9diumnit\u00e9 Authentique<\/h2>\n\n\n\n<p class=\"has-text-color has-link-color has-outfit-font-family wp-elements-eef0eb19f85441def494ba223a015874\" style=\"color:#000000;font-size:clamp(14px, 0.875rem + ((1vw - 3.2px) * 0.455), 18px);font-style:normal;font-weight:400\">Professeur Faty poss\u00e8de un don naturel de m\u00e9diumnit\u00e9 qui lui permet d&#8217;entrer en contact avec le monde spirituel. Cette capacit\u00e9 exceptionnelle, h\u00e9rit\u00e9e de ses anc\u00eatres gu\u00e9risseurs, lui donne acc\u00e8s aux messages de l&#8217;au-del\u00e0 et aux \u00e9nergies invisibles qui influencent votre existence.<\/p>\n\n\n\n<p>Mes Capacit\u00e9s de M\u00e9dium:<\/p>\n\n\n\n<h4 class=\"wp-block-heading\" style=\"font-size:clamp(14px, 0.875rem + ((1vw - 3.2px) * 0.227), 16px);\">\ud83d\udd4a\ufe0f Communication Spirituelle. Contact direct avec les d\u00e9funts pour recevoir leurs messages et leur guidance<\/h4>\n\n\n\n<h4 class=\"wp-block-heading\" style=\"font-size:clamp(14px, 0.875rem + ((1vw - 3.2px) * 0.227), 16px);\">\ud83c\udf1f Channeling \u00c9nerg\u00e9tique Canalisation des \u00e9nergies sup\u00e9rieures pour la gu\u00e9rison et l&#8217;\u00e9volution spirituelle<\/h4>\n\n\n\n<h4 class=\"wp-block-heading\" style=\"font-size:clamp(14px, 0.875rem + ((1vw - 3.2px) * 0.227), 16px);\">\ud83d\udd2e Perception ExtrasensorielleVision claire des \u00e9nergies invisibles et des influences spirituelles<\/h4>\n\n\n\n<div class=\"wp-block-buttons is-layout-flex wp-block-buttons-is-layout-flex\">\n<div class=\"wp-block-button\"><a class=\"wp-block-button__link has-text-color has-background has-link-color has-outfit-font-family has-custom-font-size wp-element-button\" style=\"border-radius:0px;color:#ffffff;background-color:#528d8e;padding-top:8px;padding-right:60px;padding-bottom:8px;padding-left:60px;font-size:clamp(14px, 0.875rem + ((1vw - 3.2px) * 0.455), 18px);\">Appelez-nous<\/a><\/div>\n<\/div>\n<\/div>\n<\/div>\n<\/div>\n<\/div>\n\n\n\n<section class=\"wp-block-cover alignfull is-light\" style=\"margin-top:0px;padding-top:1.01rem;padding-bottom:1.01rem;min-height:750px;aspect-ratio:unset;\"><img decoding=\"async\" class=\"wp-block-cover__image-background wp-image-718\" alt=\"\" src=\"https:\/\/tyler.com\/wp-content\/uploads\/2023\/11\/view-banner3.jpg\" style=\"object-position:50% 49%\" data-object-fit=\"cover\" data-object-position=\"50% 49%\"\/><span aria-hidden=\"true\" class=\"wp-block-cover__background has-background-dim-0 has-background-dim\" style=\"background-color:#edf1f2\"><\/span><div class=\"wp-block-cover__inner-container has-global-padding is-layout-constrained wp-container-core-cover-is-layout-08e95c49 wp-block-cover-is-layout-constrained\">\n<div class=\"wp-block-group is-vertical is-content-justification-center is-nowrap is-layout-flex wp-container-core-group-is-layout-36c4bdba wp-block-group-is-layout-flex\" style=\"margin-top:0px;padding-top:0rem;padding-right:1rem;padding-bottom:0rem;padding-left:1rem;font-size:clamp(0.875rem, 0.875rem + ((1vw - 0.2rem) * 0.464), 1.13rem);font-style:normal;font-weight:400;line-height:1.4\">\n<div class=\"wp-block-group has-background has-global-padding is-layout-constrained wp-container-core-group-is-layout-1a95df51 wp-block-group-is-layout-constrained\" style=\"background-color:#fffffd;padding-top:4.21rem;padding-right:2.51rem;padding-bottom:4.51rem;padding-left:2.51rem\">\n<h2 class=\"wp-block-heading has-text-align-center has-text-color\" style=\"color:#010101;margin-bottom:0rem;font-size:clamp(1.146rem, 1.146rem + ((1vw - 0.2rem) * 1.189), 1.8rem);font-style:normal;font-weight:400;line-height:1.2\">Applications Pratiques de la M\u00e9diumnit\u00e9<\/h2>\n\n\n\n<p class=\"has-text-align-left has-text-color\" style=\"color:#010101;font-size:clamp(0.875rem, 0.875rem + ((1vw - 0.2rem) * 0.609), 1.21rem);line-height:1.5\">\ud83d\udc9d Deuil et R\u00e9confort<\/p>\n\n\n\n<p>Aidez vos proches d\u00e9c\u00e9d\u00e9s \u00e0 trouver la paix et recevez leurs derniers messages d&#8217;amour. La m\u00e9diumnit\u00e9 apporte un r\u00e9confort immense dans les p\u00e9riodes de deuil.<\/p>\n\n\n\n<h4 class=\"wp-block-heading has-medium-font-size\">\ud83d\udd0d Enqu\u00eates Spirituelles<\/h4>\n\n\n\n<p>R\u00e9solution de myst\u00e8res familiaux, recherche de personnes disparues, compr\u00e9hension des ph\u00e9nom\u00e8nes inexpliqu\u00e9s dans votre vie.<\/p>\n\n\n\n<h4 class=\"wp-block-heading has-medium-font-size\">\ud83c\udf31 \u00c9volution Spirituelle<\/h4>\n\n\n\n<p class=\"has-text-align-left has-text-color\" style=\"color:#010101;font-size:clamp(0.875rem, 0.875rem + ((1vw - 0.2rem) * 0.609), 1.21rem);line-height:1.5\">Acc\u00e9l\u00e9ration de votre d\u00e9veloppement spirituel gr\u00e2ce \u00e0 la guidance des ma\u00eetres ascensionn\u00e9s et la compr\u00e9hension de votre chemin de vie.<\/p>\n<\/div>\n<\/div>\n<\/div><\/section>\n","protected":false},"excerpt":{"rendered":"<p>M\u00e9dium spirituel africain Le Professeur Faty est un m\u00e9dium spirituel africain dot\u00e9 de v\u00e9ritables dons de naissance, h\u00e9rit\u00e9s de ses anc\u00eatres. Contrairement \u00e0 de simples voyants ou tarologues, le Professeur Faty n\u2019utilise aucun support : ses r\u00e9v\u00e9lations lui parviennent naturellement, \u00e0 travers des visions pr\u00e9cises, des ressentis puissants et une connexion directe avec le monde [&hellip;]<\/p>\n","protected":false},"author":1,"featured_media":0,"parent":0,"menu_order":0,"comment_status":"closed","ping_status":"closed","template":"","meta":{"footnotes":""},"class_list":["post-16","page","type-page","status-publish","hentry"],"yoast_head":"<!-- This site is optimized with the Yoast SEO plugin v25.3 - https:\/\/yoast.com\/wordpress\/plugins\/seo\/ -->\n<title>M\u00e9dium - Professeur FATY<\/title>\n<meta name=\"robots\" content=\"index, follow, max-snippet:-1, max-image-preview:large, max-video-preview:-1\" \/>\n<link rel=\"canonical\" href=\"https:\/\/voyant-marabout-africain.fr\/index.php\/medium\/\" \/>\n<meta property=\"og:locale\" content=\"en_US\" \/>\n<meta property=\"og:type\" content=\"article\" \/>\n<meta property=\"og:title\" content=\"M\u00e9dium - Professeur FATY\" \/>\n<meta property=\"og:description\" content=\"M\u00e9dium spirituel africain Le Professeur Faty est un m\u00e9dium spirituel africain dot\u00e9 de v\u00e9ritables dons de naissance, h\u00e9rit\u00e9s de ses anc\u00eatres. Contrairement \u00e0 de simples voyants ou tarologues, le Professeur Faty n\u2019utilise aucun support : ses r\u00e9v\u00e9lations lui parviennent naturellement, \u00e0 travers des visions pr\u00e9cises, des ressentis puissants et une connexion directe avec le monde [&hellip;]\" \/>\n<meta property=\"og:url\" content=\"https:\/\/voyant-marabout-africain.fr\/index.php\/medium\/\" \/>\n<meta property=\"og:site_name\" content=\"Professeur FATY\" \/>\n<meta property=\"article:modified_time\" content=\"2025-07-06T14:59:10+00:00\" \/>\n<meta property=\"og:image\" content=\"https:\/\/tyler.com\/wp-content\/uploads\/2023\/11\/View-Services-Hero-Image.jpeg\" \/>\n<meta name=\"twitter:card\" content=\"summary_large_image\" \/>\n<meta name=\"twitter:label1\" content=\"Est. reading time\" \/>\n\t<meta name=\"twitter:data1\" content=\"4 minutes\" \/>\n<script type=\"application\/ld+json\" class=\"yoast-schema-graph\">{\"@context\":\"https:\/\/schema.org\",\"@graph\":[{\"@type\":\"WebPage\",\"@id\":\"https:\/\/voyant-marabout-africain.fr\/index.php\/medium\/\",\"url\":\"https:\/\/voyant-marabout-africain.fr\/index.php\/medium\/\",\"name\":\"M\u00e9dium - Professeur FATY\",\"isPartOf\":{\"@id\":\"https:\/\/voyant-marabout-africain.fr\/#website\"},\"primaryImageOfPage\":{\"@id\":\"https:\/\/voyant-marabout-africain.fr\/index.php\/medium\/#primaryimage\"},\"image\":{\"@id\":\"https:\/\/voyant-marabout-africain.fr\/index.php\/medium\/#primaryimage\"},\"thumbnailUrl\":\"https:\/\/tyler.com\/wp-content\/uploads\/2023\/11\/View-Services-Hero-Image.jpeg\",\"datePublished\":\"2025-06-17T15:46:08+00:00\",\"dateModified\":\"2025-07-06T14:59:10+00:00\",\"breadcrumb\":{\"@id\":\"https:\/\/voyant-marabout-africain.fr\/index.php\/medium\/#breadcrumb\"},\"inLanguage\":\"en-US\",\"potentialAction\":[{\"@type\":\"ReadAction\",\"target\":[\"https:\/\/voyant-marabout-africain.fr\/index.php\/medium\/\"]}]},{\"@type\":\"ImageObject\",\"inLanguage\":\"en-US\",\"@id\":\"https:\/\/voyant-marabout-africain.fr\/index.php\/medium\/#primaryimage\",\"url\":\"https:\/\/tyler.com\/wp-content\/uploads\/2023\/11\/View-Services-Hero-Image.jpeg\",\"contentUrl\":\"https:\/\/tyler.com\/wp-content\/uploads\/2023\/11\/View-Services-Hero-Image.jpeg\"},{\"@type\":\"BreadcrumbList\",\"@id\":\"https:\/\/voyant-marabout-africain.fr\/index.php\/medium\/#breadcrumb\",\"itemListElement\":[{\"@type\":\"ListItem\",\"position\":1,\"name\":\"Accueil\",\"item\":\"https:\/\/voyant-marabout-africain.fr\/\"},{\"@type\":\"ListItem\",\"position\":2,\"name\":\"M\u00e9dium\"}]},{\"@type\":\"WebSite\",\"@id\":\"https:\/\/voyant-marabout-africain.fr\/#website\",\"url\":\"https:\/\/voyant-marabout-africain.fr\/\",\"name\":\"Professeur FATY\",\"description\":\"Un site utilisant WordPress\",\"publisher\":{\"@id\":\"https:\/\/voyant-marabout-africain.fr\/#organization\"},\"potentialAction\":[{\"@type\":\"SearchAction\",\"target\":{\"@type\":\"EntryPoint\",\"urlTemplate\":\"https:\/\/voyant-marabout-africain.fr\/?s={search_term_string}\"},\"query-input\":{\"@type\":\"PropertyValueSpecification\",\"valueRequired\":true,\"valueName\":\"search_term_string\"}}],\"inLanguage\":\"en-US\"},{\"@type\":\"Organization\",\"@id\":\"https:\/\/voyant-marabout-africain.fr\/#organization\",\"name\":\"Professeur FATY\",\"url\":\"https:\/\/voyant-marabout-africain.fr\/\",\"logo\":{\"@type\":\"ImageObject\",\"inLanguage\":\"en-US\",\"@id\":\"https:\/\/voyant-marabout-africain.fr\/#\/schema\/logo\/image\/\",\"url\":\"https:\/\/voyant-marabout-africain.fr\/wp-content\/uploads\/2025\/07\/LOGO-M-FATY.jpg\",\"contentUrl\":\"https:\/\/voyant-marabout-africain.fr\/wp-content\/uploads\/2025\/07\/LOGO-M-FATY.jpg\",\"width\":260,\"height\":260,\"caption\":\"Professeur FATY\"},\"image\":{\"@id\":\"https:\/\/voyant-marabout-africain.fr\/#\/schema\/logo\/image\/\"}}]}<\/script>\n<!-- \/ Yoast SEO plugin. -->","yoast_head_json":{"title":"M\u00e9dium - Professeur FATY","robots":{"index":"index","follow":"follow","max-snippet":"max-snippet:-1","max-image-preview":"max-image-preview:large","max-video-preview":"max-video-preview:-1"},"canonical":"https:\/\/voyant-marabout-africain.fr\/index.php\/medium\/","og_locale":"en_US","og_type":"article","og_title":"M\u00e9dium - Professeur FATY","og_description":"M\u00e9dium spirituel africain Le Professeur Faty est un m\u00e9dium spirituel africain dot\u00e9 de v\u00e9ritables dons de naissance, h\u00e9rit\u00e9s de ses anc\u00eatres. Contrairement \u00e0 de simples voyants ou tarologues, le Professeur Faty n\u2019utilise aucun support : ses r\u00e9v\u00e9lations lui parviennent naturellement, \u00e0 travers des visions pr\u00e9cises, des ressentis puissants et une connexion directe avec le monde [&hellip;]","og_url":"https:\/\/voyant-marabout-africain.fr\/index.php\/medium\/","og_site_name":"Professeur FATY","article_modified_time":"2025-07-06T14:59:10+00:00","og_image":[{"url":"https:\/\/tyler.com\/wp-content\/uploads\/2023\/11\/View-Services-Hero-Image.jpeg","type":"","width":"","height":""}],"twitter_card":"summary_large_image","twitter_misc":{"Est. reading time":"4 minutes"},"schema":{"@context":"https:\/\/schema.org","@graph":[{"@type":"WebPage","@id":"https:\/\/voyant-marabout-africain.fr\/index.php\/medium\/","url":"https:\/\/voyant-marabout-africain.fr\/index.php\/medium\/","name":"M\u00e9dium - Professeur FATY","isPartOf":{"@id":"https:\/\/voyant-marabout-africain.fr\/#website"},"primaryImageOfPage":{"@id":"https:\/\/voyant-marabout-africain.fr\/index.php\/medium\/#primaryimage"},"image":{"@id":"https:\/\/voyant-marabout-africain.fr\/index.php\/medium\/#primaryimage"},"thumbnailUrl":"https:\/\/tyler.com\/wp-content\/uploads\/2023\/11\/View-Services-Hero-Image.jpeg","datePublished":"2025-06-17T15:46:08+00:00","dateModified":"2025-07-06T14:59:10+00:00","breadcrumb":{"@id":"https:\/\/voyant-marabout-africain.fr\/index.php\/medium\/#breadcrumb"},"inLanguage":"en-US","potentialAction":[{"@type":"ReadAction","target":["https:\/\/voyant-marabout-africain.fr\/index.php\/medium\/"]}]},{"@type":"ImageObject","inLanguage":"en-US","@id":"https:\/\/voyant-marabout-africain.fr\/index.php\/medium\/#primaryimage","url":"https:\/\/tyler.com\/wp-content\/uploads\/2023\/11\/View-Services-Hero-Image.jpeg","contentUrl":"https:\/\/tyler.com\/wp-content\/uploads\/2023\/11\/View-Services-Hero-Image.jpeg"},{"@type":"BreadcrumbList","@id":"https:\/\/voyant-marabout-africain.fr\/index.php\/medium\/#breadcrumb","itemListElement":[{"@type":"ListItem","position":1,"name":"Accueil","item":"https:\/\/voyant-marabout-africain.fr\/"},{"@type":"ListItem","position":2,"name":"M\u00e9dium"}]},{"@type":"WebSite","@id":"https:\/\/voyant-marabout-africain.fr\/#website","url":"https:\/\/voyant-marabout-africain.fr\/","name":"Professeur FATY","description":"Un site utilisant WordPress","publisher":{"@id":"https:\/\/voyant-marabout-africain.fr\/#organization"},"potentialAction":[{"@type":"SearchAction","target":{"@type":"EntryPoint","urlTemplate":"https:\/\/voyant-marabout-africain.fr\/?s={search_term_string}"},"query-input":{"@type":"PropertyValueSpecification","valueRequired":true,"valueName":"search_term_string"}}],"inLanguage":"en-US"},{"@type":"Organization","@id":"https:\/\/voyant-marabout-africain.fr\/#organization","name":"Professeur FATY","url":"https:\/\/voyant-marabout-africain.fr\/","logo":{"@type":"ImageObject","inLanguage":"en-US","@id":"https:\/\/voyant-marabout-africain.fr\/#\/schema\/logo\/image\/","url":"https:\/\/voyant-marabout-africain.fr\/wp-content\/uploads\/2025\/07\/LOGO-M-FATY.jpg","contentUrl":"https:\/\/voyant-marabout-africain.fr\/wp-content\/uploads\/2025\/07\/LOGO-M-FATY.jpg","width":260,"height":260,"caption":"Professeur FATY"},"image":{"@id":"https:\/\/voyant-marabout-africain.fr\/#\/schema\/logo\/image\/"}}]}},"_links":{"self":[{"href":"https:\/\/voyant-marabout-africain.fr\/index.php\/wp-json\/wp\/v2\/pages\/16","targetHints":{"allow":["GET"]}}],"collection":[{"href":"https:\/\/voyant-marabout-africain.fr\/index.php\/wp-json\/wp\/v2\/pages"}],"about":[{"href":"https:\/\/voyant-marabout-africain.fr\/index.php\/wp-json\/wp\/v2\/types\/page"}],"author":[{"embeddable":true,"href":"https:\/\/voyant-marabout-africain.fr\/index.php\/wp-json\/wp\/v2\/users\/1"}],"replies":[{"embeddable":true,"href":"https:\/\/voyant-marabout-africain.fr\/index.php\/wp-json\/wp\/v2\/comments?post=16"}],"version-history":[{"count":4,"href":"https:\/\/voyant-marabout-africain.fr\/index.php\/wp-json\/wp\/v2\/pages\/16\/revisions"}],"predecessor-version":[{"id":121,"href":"https:\/\/voyant-marabout-africain.fr\/index.php\/wp-json\/wp\/v2\/pages\/16\/revisions\/121"}],"wp:attachment":[{"href":"https:\/\/voyant-marabout-africain.fr\/index.php\/wp-json\/wp\/v2\/media?parent=16"}],"curies":[{"name":"wp","href":"https:\/\/api.w.org\/{rel}","templated":true}]}}